+ j. Suppose -77*o = -74*o - a. What is the tens digit of o?
7
Let l = -35 - -39. Suppose l*r + 2*p - 264 = -2*p, -5*r - 3*p = -320. Let c = -34 + r. What is the units digit of c?
7
Suppose 3*j - 6 + 18 = 0, -2*r = -j + 20. Let i(p) = -p. Let v(z) = -22*z - 1. Let g(b) = 4*i(b) + v(b). What is the units digit of g(r)?
1
Let m(c) = -107*c + 6. Let p be m(-6). Suppose 3*u + 6*u = p. Suppose -19*g = -20*g + u. What is the tens digit of g?
7
Let q(g) = -g - 9. Let s be q(-5). Let p be (2/(-5))/(s/(36 + 4)). Suppose -5*k - p*v = -900, 353 = -0*k + 2*k + 3*v. What is the hundreds digit of k?
1
Suppose 18*g - 31*g = 1040. Let i(b) = 36*b - 6. Let u be i(4). Let j = u + g. What is the units digit of j?
8
Let k(w) = -w**3 - 5*w**2 + 35*w - 108. What is the hundreds digit of k(-17)?
7
Let l(c) = -87*c**2 + 9*c. Let g be l(1). Let v be (-9)/2*176/6. Let j = g - v. What is the tens digit of j?
5
Let j(n) = -4*n + 21. Let m(r) = -r**2 + 9*r + 25. Let f be m(10). Suppose x + 62 = -5*s, -x + 1 = -s - f. What is the tens digit of j(s)?
7
Suppose 0 = 4*p - 2*u - 162150, -11*p + 2*u = 58459 - 504361. What is the thousands digit of p?
0
Let a be (0/((-1 - 2)*1))/(-2). Suppose 0 = 8*z - 2*z - 24. Suppose -z*i + 3*h + 87 = a, 3*i + 5*h - 14 = 15. What is the units digit of i?
8
Let d = 4 + -6. Let c be 2*-17*3/d. Suppose 5*u - c = -z + 12, 372 = 4*z - 4*u. What is the tens digit of z?
8
Suppose 0 = -5*c - 2*w + 7, -2*w + 5*w - 7 = -4*c. Let m be c/((-3)/(-2 - -671)). Let l = -119 - m. What is the hundreds digit of l?
1
Let z = 201 - 83. Suppose -13 = 7*w - z. Let o = w - 4. What is the units digit of o?
1
Let n(y) = -y + 26. Let w be (-18)/(-117) + (-141)/(-13). Let c be n(w). Suppose 3*u - 2*x = 101, 5*x = 10 + c. What is the units digit of u?
7
What is the hundreds digit of (-6*1533/6)/(-1)?
5
Suppose 0*z = z - 2*w - 31, 3*z = -w + 79. Suppose -32*n = -z*n - 555. What is the tens digit of n?
1
Let n = 9820 - 8416. What is the hundreds digit of n?
4
Let u(r) be the first derivative of -61*r**2/2 - 60*r - 62. What is the tens digit of u(-9)?
8
Let v(n) = -n**3 - 3*n**2 + 13*n + 2. Let b be v(-11). Let d = 1403 - b. What is the units digit of d?
6
Let b = -23 + 33. Let g be 80/36 - (-14)/(-63). Suppose -2*n + b = -0*c + g*c, 0 = -3*n - c + 15. What is the units digit of n?
5
Suppose -4*c = -o, -c - o = 2*c. Suppose 4*b - 5*g = -g + 8, c = 4*b + 3*g + 13. Let f(i) = 56*i**2 + i + 1. What is the units digit of f(b)?
6
What is the hundreds digit of (-69750)/(-22) - (-14 + 3848/286)?
1
Let g be (54 + 0)*42/126. Suppose -1260 = 4*s - g*s. What is the units digit of s?
0
Let y be (-117)/(-3) + (-2 - 0). Let j = -1622 + 1622. Suppose j = -g + 141 + y. What is the hundreds digit of g?
1
Suppose t + 8627 = 3*a, -2*t + 5*t - 14397 = -5*a. Suppose w + 3*w + 5*x - a = 0, 0 = -w - 4*x + 711. What is the hundreds digit of w?
7
Let h(d) = -d**3 + 19*d**2 - 26*d + 19. Let x be (-150)/(-18) - (-3)/(-9)*-2. Suppose -x*i + 200 - 47 = 0. What is the units digit of h(i)?
5
Let s(h) = -50*h**3 - 3*h**2 - 74*h - 16. What is the tens digit of s(-6)?
2
Let v = 343 + -494. Let f = v - -608. What is the hundreds digit of f?
4
Suppose -46872 = -u + 5*g, -125*u - 2*g + 234144 = -120*u. What is the hundreds digit of u?
8
Let v(x) = 24*x - 24. Let f be v(1). Suppose 3*p - 1251 = -9*h + 12*h, 4*p - h - 1680 = f. What is the tens digit of p?
2
Let h be (-1 - 1)/2*0. Let c be (6 - 6 - 6)*6. Let w = h - c. What is the units digit of w?
6
Suppose -107*q + 22463 = i - 108*q, -q = -4*i + 89861. What is the tens digit of i?
6
Let f = 62 - 40. Let d = -46 + f. Let y = d + 39. What is the tens digit of y?
1
What is the hundreds digit of (12 - 285068/(-70))/(2/10)?
4
Let o(y) = 2*y**2 + 2*y - 2. Let d be o(2). Let g(f) = 6 + 2 - 9 - 2*f + d. What is the tens digit of g(-7)?
2
Let u(m) = -m**2 + 2*m - 29. Let w be u(0). Let p(j) = j**2 + 30*j + 42. What is the units digit of p(w)?
3
Let t be (-20)/((-42)/(-98) - 80/203). Let z be (t/8)/((-1)/(-294)). What is the tens digit of (z/420)/((-3)/(-4) - 1)?
0
Let z(h) = -h**3 + 8*h**2 + 11*h + 12. Let o be z(9). Suppose -6*w + o = -0*w. Suppose -b - l + 67 = l, 0 = -b - w*l + 55. What is the tens digit of b?
7
What is the thousands digit of ((17 - -5) + -13)*503?
4
Let c be (1 + 2)/((-15)/(-85)). Suppose 4*o = -9 + c. Suppose 2*b - 5*m - 496 = -b, -3*m - 332 = -o*b. What is the units digit of b?
2
Let c(y) = y**3 + 9*y**2 - 10*y + 24. Let f = -8 + -2. Let l be c(f). Let o = l - 20. What is the units digit of o?
4
Let k = 976 - 430. What is the tens digit of ((-41)/(-3))/(7*2/k)?
3
Suppose 11*q - 2355 + 683 = 0. Suppose -4*n = 3*o - n - 471, o + 2*n - q = 0. What is the hundreds digit of o?
1
Let g be (2 - 1)/(-5 - 48/(-9)). Suppose 2*t - g*y = -268 + 1710, -20 = 5*y. What is the units digit of t?
5
Let m = -55507 - -82666. What is the thousands digit of m?
7
Let k = 129 + -110. Suppose k = -4*a + 603. What is the tens digit of a?
4
Let x be 1 - 2 - (-3 + (-2 - -4)). Let w be 9/3 - (-3 - 7 - x). Suppose -w = -10*s + 417. What is the units digit of s?
3
Suppose 4*s + 33 = 7*s. Let h = s - -446. What is the hundreds digit of h?
4
Let c(t) = t - 30. Let r be c(36). Suppose 27*y - 3969 = r*y. What is the hundreds digit of y?
1
Suppose b - 2164 = -u + 1131, 0 = -5*b + 4*u + 16475. What is the tens digit of b?
9
Let j(c) = c**2 + 29*c + 193. Let h be j(-19). Let o be -30*((-24)/9 - 2). Suppose 5*v - 4*d - o = v, -d = -h*v + 109. What is the tens digit of v?
3
Suppose 2*q + 14 = 2*v, -2*v + 10 = 5*q - 6*q. Suppose 5*u - u = 2*p - 452, v*u + 454 = 2*p. What is the units digit of p?
0
Suppose 8*n = 3*s + 3*n - 36, n = -s + 12. Let p be 59/((-4)/s*-3). Suppose 5*y = 499 - p. What is the tens digit of y?
8
Suppose -25*r + v + 60 = -20*r, 4*v = -2*r + 46. Suppose -17*w = -r*w + m - 1780, 3*m - 1335 = -3*w. What is the hundreds digit of w?
4
Suppose -7 = -14*i + 49. Suppose 3*q - 4*j = 1533, 0*q = -i*q + 5*j + 2043. What is the hundreds digit of q?
5
Let t(u) = -u + 1517. Let c be t(0). Let x = c + -887. What is the hundreds digit of x?
6
Suppose 17*v - 16 = 9*v. Let w(l) = -3*l + 28 - 27*l - 9*l**v - 14 + l**3. What is the units digit of w(12)?
6
Let k(t) = t**2 - 23*t + 92. Let d be k(5). Suppose 0 = -3*f + d*f + 633. What is the hundreds digit of f?
6
Let s = 404 - 407. What is the tens digit of 8 + 2342/3 - (-2)/s?
8
Let r(q) = 25*q**3 - 2*q**2 - 28*q + 59. What is the units digit of r(8)?
7
Suppose k = 3*k - 736. Suppose -5*f - y + 914 = 0, 2*f - 5*y = -3*y + k. Suppose -36 - 11 = -x + 3*j, -5*x + 2*j = -f. What is the tens digit of x?
3
Let v = 508 + -278. Suppose -237 = -3*g - 4*j, -121 + 502 = 5*g + 2*j. What is the units digit of ((-90)/g)/((-4)/v)?
9
Suppose -127*s + 160*s - 1102497 = 0. What is the tens digit of s?
0
Let a(p) = 17*p + 14. Let g = -21 + 27. Let k(m) = 18*m + 15. Let h(y) = g*k(y) - 7*a(y). What is the units digit of h(-17)?
9
Let k = 14623 + -10293. What is the thousands digit of k?
4
Suppose -10*n = 8*n - 3078. Suppose 6 = -z + n. What is the units digit of z?
5
Suppose 0 = 65*x + 3843 - 28803. What is the units digit of x?
4
Suppose 41415 + 454364 = 42*b - 607771. What is the ten thousands digit of b?
2
Suppose -42*u - 2*v + 24086 = -39*u, 3*v - 3 = 0. What is the tens digit of u?
2
Let z(x) = 7 - 13*x + 3 - 2. Let b(s) = -s**2 - s + 2. Let n be b(2). What is the tens digit of z(n)?
6
Let t(g) = -3*g + 42. Let y be t(11). Suppose y*f = -f + 880. What is the units digit of f?
8
Let b(q) = 2*q**3 - 3*q**2 + 2*q - 6. Let i be 3/(12/(-16)) - -38. Let c = i + -31. What is the tens digit of b(c)?
2
Suppose 347993 + 3196198 = 557*c. What is the thousands digit of c?
6
Suppose 17*t + 79392 = 674715. What is the units digit of t?
9
Suppose -9*m - 3*m = -416232. Suppose -17*h = h - m. What is the thousands digit of h?
1
Suppose 5*b - 4*z = 3898 + 39570, -5*z = -2*b + 17377. What is the units digit of b?
6
Let p be ((-4)/(-18)*3)/((-2)/(-9)). Let o(g) = -33*g + 20*g + 6*g**p + 20*g**2 - 7*g**3. What is the hundreds digit of o(19)?
1
What is the thousands digit of (-18)/(-48) + 37/8 + 8738?
8
Suppose 0 = 30*b - 23*b + 280. What is the tens digit of (12/5)/(b/(-500))?
3
Let u(t) be the first derivative of 16*t**3 + 20*t**2 - 11*t - 110. What is the units di